{"id":1564,"date":"2021-11-29T21:54:30","date_gmt":"2021-11-29T20:54:30","guid":{"rendered":"https:\/\/sfrms-app.fr\/?page_id=1564"},"modified":"2021-11-29T21:54:30","modified_gmt":"2021-11-29T20:54:30","slug":"questionnaire-echelle-de-dependance-aux-benzodiazepines","status":"publish","type":"page","link":"https:\/\/sfrms-app.fr\/index.php\/questionnaire-echelle-de-dependance-aux-benzodiazepines\/","title":{"rendered":"Questionnaire \u00c9chelle de d\u00e9pendance aux benzodiaz\u00e9pines"},"content":{"rendered":"<div id=\"watu_quiz\" class=\"quiz-area single-page-quiz\">\n<form action=\"\" method=\"post\" class=\"quiz-form watu-button-style\" id=\"quiz-4\">\n<div class=\"watu-question\" id=\"question-1\"><div class=\"question-content\"><p><span class=\"watu_num\">1. <\/span>O&ugrave; que j&rsquo;aille, j&rsquo;ai besoin d&rsquo;avoir ce m&eacute;dicament avec moi<\/p>\n<\/div><input type=\"hidden\" name=\"question_id[]\" value=\"39\"><div class=\"watu-questions-wrap \"><input type=\"hidden\" name=\"answer_ids[]\" class=\"watu-answer-ids\" value=\"293\"><div class=\"watu-question-choice\"><input type=\"radio\" name=\"answer-39[]\" id=\"answer-id-293\" class=\"answer answer-1  answerof-39\" value=\"293\">&nbsp;<label for=\"answer-id-293\" id=\"answer-label-293\" class=\" answer label-1\"><span class=\"answer\">Vrai<\/span><\/label><\/div>\n<input type=\"hidden\" name=\"answer_ids[]\" class=\"watu-answer-ids\" value=\"294\"><div class=\"watu-question-choice\"><input type=\"radio\" name=\"answer-39[]\" id=\"answer-id-294\" class=\"answer answer-1  answerof-39\" value=\"294\">&nbsp;<label for=\"answer-id-294\" id=\"answer-label-294\" class=\" answer label-1\"><span class=\"answer\">Faux<\/span><\/label><\/div>\n<\/div><input type=\"hidden\" id=\"questionType1\" value=\"radio\" class=\"required\"><\/div><div class=\"watu-question\" id=\"question-2\"><div class=\"question-content\"><p><span class=\"watu_num\">2. <\/span>Ce m&eacute;dicament est pour moi comme une drogue<\/p>\n<\/div><input type=\"hidden\" name=\"question_id[]\" value=\"40\"><div class=\"watu-questions-wrap \"><input type=\"hidden\" name=\"answer_ids[]\" class=\"watu-answer-ids\" value=\"295\"><div class=\"watu-question-choice\"><input type=\"radio\" name=\"answer-40[]\" id=\"answer-id-295\" class=\"answer answer-2  answerof-40\" value=\"295\">&nbsp;<label for=\"answer-id-295\" id=\"answer-label-295\" class=\" answer label-2\"><span class=\"answer\">Vrai<\/span><\/label><\/div>\n<input type=\"hidden\" name=\"answer_ids[]\" class=\"watu-answer-ids\" value=\"296\"><div class=\"watu-question-choice\"><input type=\"radio\" name=\"answer-40[]\" id=\"answer-id-296\" class=\"answer answer-2  answerof-40\" value=\"296\">&nbsp;<label for=\"answer-id-296\" id=\"answer-label-296\" class=\" answer label-2\"><span class=\"answer\">Faux<\/span><\/label><\/div>\n<\/div><input type=\"hidden\" id=\"questionType2\" value=\"radio\" class=\"required\"><\/div><div class=\"watu-question\" id=\"question-3\"><div class=\"question-content\"><p><span class=\"watu_num\">3. <\/span>Je pense souvent que je ne pourrai jamais arr&ecirc;ter ce m&eacute;dicament<\/p>\n<\/div><input type=\"hidden\" name=\"question_id[]\" value=\"41\"><div class=\"watu-questions-wrap \"><input type=\"hidden\" name=\"answer_ids[]\" class=\"watu-answer-ids\" value=\"297\"><div class=\"watu-question-choice\"><input type=\"radio\" name=\"answer-41[]\" id=\"answer-id-297\" class=\"answer answer-3  answerof-41\" value=\"297\">&nbsp;<label for=\"answer-id-297\" id=\"answer-label-297\" class=\" answer label-3\"><span class=\"answer\">Vrai<\/span><\/label><\/div>\n<input type=\"hidden\" name=\"answer_ids[]\" class=\"watu-answer-ids\" value=\"298\"><div class=\"watu-question-choice\"><input type=\"radio\" name=\"answer-41[]\" id=\"answer-id-298\" class=\"answer answer-3  answerof-41\" value=\"298\">&nbsp;<label for=\"answer-id-298\" id=\"answer-label-298\" class=\" answer label-3\"><span class=\"answer\">Faux<\/span><\/label><\/div>\n<\/div><input type=\"hidden\" id=\"questionType3\" value=\"radio\" class=\"\"><\/div><div class=\"watu-question\" id=\"question-4\"><div class=\"question-content\"><p><span class=\"watu_num\">4. <\/span>J&rsquo;&eacute;vite de dire &agrave; mes proches que je prends ce m&eacute;dicament<\/p>\n<\/div><input type=\"hidden\" name=\"question_id[]\" value=\"42\"><div class=\"watu-questions-wrap \"><input type=\"hidden\" name=\"answer_ids[]\" class=\"watu-answer-ids\" value=\"299\"><div class=\"watu-question-choice\"><input type=\"radio\" name=\"answer-42[]\" id=\"answer-id-299\" class=\"answer answer-4  answerof-42\" value=\"299\">&nbsp;<label for=\"answer-id-299\" id=\"answer-label-299\" class=\" answer label-4\"><span class=\"answer\">Vrai<\/span><\/label><\/div>\n<input type=\"hidden\" name=\"answer_ids[]\" class=\"watu-answer-ids\" value=\"300\"><div class=\"watu-question-choice\"><input type=\"radio\" name=\"answer-42[]\" id=\"answer-id-300\" class=\"answer answer-4  answerof-42\" value=\"300\">&nbsp;<label for=\"answer-id-300\" id=\"answer-label-300\" class=\" answer label-4\"><span class=\"answer\">Faux<\/span><\/label><\/div>\n<\/div><input type=\"hidden\" id=\"questionType4\" value=\"radio\" class=\"required\"><\/div><div class=\"watu-question\" id=\"question-5\"><div class=\"question-content\"><p><span class=\"watu_num\">5. <\/span>J&rsquo;ai l&rsquo;impression de prendre beaucoup trop de ce m&eacute;dicament<\/p>\n<\/div><input type=\"hidden\" name=\"question_id[]\" value=\"43\"><div class=\"watu-questions-wrap \"><input type=\"hidden\" name=\"answer_ids[]\" class=\"watu-answer-ids\" value=\"301\"><div class=\"watu-question-choice\"><input type=\"radio\" name=\"answer-43[]\" id=\"answer-id-301\" class=\"answer answer-5  answerof-43\" value=\"301\">&nbsp;<label for=\"answer-id-301\" id=\"answer-label-301\" class=\" answer label-5\"><span class=\"answer\">Vrai<\/span><\/label><\/div>\n<input type=\"hidden\" name=\"answer_ids[]\" class=\"watu-answer-ids\" value=\"302\"><div class=\"watu-question-choice\"><input type=\"radio\" name=\"answer-43[]\" id=\"answer-id-302\" class=\"answer answer-5  answerof-43\" value=\"302\">&nbsp;<label for=\"answer-id-302\" id=\"answer-label-302\" class=\" answer label-5\"><span class=\"answer\">Faux<\/span><\/label><\/div>\n<\/div><input type=\"hidden\" id=\"questionType5\" value=\"radio\" class=\"required\"><\/div><div class=\"watu-question\" id=\"question-6\"><div class=\"question-content\"><p><span class=\"watu_num\">6. <\/span>J&rsquo;ai parfois <a href=\"https:\/\/sfrms-app.fr\/index.php\/glossary\/peur\/\" title=\"Glossary: Peur\"  class=\"glossaryLink\">peur<\/a> &agrave; l&rsquo;id&eacute;e de manquer de ce m&eacute;dicament<\/p>\n<\/div><input type=\"hidden\" name=\"question_id[]\" value=\"44\"><div class=\"watu-questions-wrap \"><input type=\"hidden\" name=\"answer_ids[]\" class=\"watu-answer-ids\" value=\"305\"><div class=\"watu-question-choice\"><input type=\"radio\" name=\"answer-44[]\" id=\"answer-id-305\" class=\"answer answer-6  answerof-44\" value=\"305\">&nbsp;<label for=\"answer-id-305\" id=\"answer-label-305\" class=\" answer label-6\"><span class=\"answer\">Vrai<\/span><\/label><\/div>\n<input type=\"hidden\" name=\"answer_ids[]\" class=\"watu-answer-ids\" value=\"306\"><div class=\"watu-question-choice\"><input type=\"radio\" name=\"answer-44[]\" id=\"answer-id-306\" class=\"answer answer-6  answerof-44\" value=\"306\">&nbsp;<label for=\"answer-id-306\" id=\"answer-label-306\" class=\" answer label-6\"><span class=\"answer\">Faux<\/span><\/label><\/div>\n<\/div><input type=\"hidden\" id=\"questionType6\" value=\"radio\" class=\"\"><\/div><div class=\"watu-question\" id=\"question-7\"><div class=\"question-content\"><p><span class=\"watu_num\">7. <\/span>Lorsque j&rsquo;arr&ecirc;te ce m&eacute;dicament, je me sens tr&egrave;s malade<\/p>\n<\/div><input type=\"hidden\" name=\"question_id[]\" value=\"45\"><div class=\"watu-questions-wrap \"><input type=\"hidden\" name=\"answer_ids[]\" class=\"watu-answer-ids\" value=\"307\"><div class=\"watu-question-choice\"><input type=\"radio\" name=\"answer-45[]\" id=\"answer-id-307\" class=\"answer answer-7  answerof-45\" value=\"307\">&nbsp;<label for=\"answer-id-307\" id=\"answer-label-307\" class=\" answer label-7\"><span class=\"answer\">Vrai<\/span><\/label><\/div>\n<input type=\"hidden\" name=\"answer_ids[]\" class=\"watu-answer-ids\" value=\"308\"><div class=\"watu-question-choice\"><input type=\"radio\" name=\"answer-45[]\" id=\"answer-id-308\" class=\"answer answer-7  answerof-45\" value=\"308\">&nbsp;<label for=\"answer-id-308\" id=\"answer-label-308\" class=\" answer label-7\"><span class=\"answer\">Faux<\/span><\/label><\/div>\n<\/div><input type=\"hidden\" id=\"questionType7\" value=\"radio\" class=\"required\"><\/div><div class=\"watu-question\" id=\"question-8\"><div class=\"question-content\"><p><span class=\"watu_num\">8. <\/span>Je prends ce m&eacute;dicament parce que je ne peux plus m&rsquo;en passer<\/p>\n<\/div><input type=\"hidden\" name=\"question_id[]\" value=\"46\"><div class=\"watu-questions-wrap \"><input type=\"hidden\" name=\"answer_ids[]\" class=\"watu-answer-ids\" value=\"309\"><div class=\"watu-question-choice\"><input type=\"radio\" name=\"answer-46[]\" id=\"answer-id-309\" class=\"answer answer-8  answerof-46\" value=\"309\">&nbsp;<label for=\"answer-id-309\" id=\"answer-label-309\" class=\" answer label-8\"><span class=\"answer\">Vrai<\/span><\/label><\/div>\n<input type=\"hidden\" name=\"answer_ids[]\" class=\"watu-answer-ids\" value=\"310\"><div class=\"watu-question-choice\"><input type=\"radio\" name=\"answer-46[]\" id=\"answer-id-310\" class=\"answer answer-8  answerof-46\" value=\"310\">&nbsp;<label for=\"answer-id-310\" id=\"answer-label-310\" class=\" answer label-8\"><span class=\"answer\">Faux<\/span><\/label><\/div>\n<\/div><input type=\"hidden\" id=\"questionType8\" value=\"radio\" class=\"required\"><\/div><div class=\"watu-question\" id=\"question-9\"><div class=\"question-content\"><p><span class=\"watu_num\">9. <\/span>Je prends ce m&eacute;dicament parce que je vais mal quand j&rsquo;arr&ecirc;te<\/p>\n<\/div><input type=\"hidden\" name=\"question_id[]\" value=\"47\"><div class=\"watu-questions-wrap \"><input type=\"hidden\" name=\"answer_ids[]\" class=\"watu-answer-ids\" value=\"311\"><div class=\"watu-question-choice\"><input type=\"radio\" name=\"answer-47[]\" id=\"answer-id-311\" class=\"answer answer-9  answerof-47\" value=\"311\">&nbsp;<label for=\"answer-id-311\" id=\"answer-label-311\" class=\" answer label-9\"><span class=\"answer\">Vrai<\/span><\/label><\/div>\n<input type=\"hidden\" name=\"answer_ids[]\" class=\"watu-answer-ids\" value=\"312\"><div class=\"watu-question-choice\"><input type=\"radio\" name=\"answer-47[]\" id=\"answer-id-312\" class=\"answer answer-9  answerof-47\" value=\"312\">&nbsp;<label for=\"answer-id-312\" id=\"answer-label-312\" class=\" answer label-9\"><span class=\"answer\">Faux<\/span><\/label><\/div>\n<\/div><input type=\"hidden\" id=\"questionType9\" value=\"radio\" class=\"required\"><\/div><div class=\"watu-question\" id=\"question-10\"><div class=\"question-content\"><p><span class=\"watu_num\">10. <\/span>Je ne prends ce m&eacute;dicament que lorsque j&rsquo;en ressens le besoin<\/p>\n<\/div><input type=\"hidden\" name=\"question_id[]\" value=\"48\"><div class=\"watu-questions-wrap \"><input type=\"hidden\" name=\"answer_ids[]\" class=\"watu-answer-ids\" value=\"313\"><div class=\"watu-question-choice\"><input type=\"radio\" name=\"answer-48[]\" id=\"answer-id-313\" class=\"answer answer-10  answerof-48\" value=\"313\">&nbsp;<label for=\"answer-id-313\" id=\"answer-label-313\" class=\" answer label-10\"><span class=\"answer\">Vrai<\/span><\/label><\/div>\n<input type=\"hidden\" name=\"answer_ids[]\" class=\"watu-answer-ids\" value=\"314\"><div class=\"watu-question-choice\"><input type=\"radio\" name=\"answer-48[]\" id=\"answer-id-314\" class=\"answer answer-10  answerof-48\" value=\"314\">&nbsp;<label for=\"answer-id-314\" id=\"answer-label-314\" class=\" answer label-10\"><span class=\"answer\">Faux<\/span><\/label><\/div>\n<\/div><input type=\"hidden\" id=\"questionType10\" value=\"radio\" class=\"required\"><\/div><div style=\"display:none\" id=\"question-11\"><br><div class=\"question-content\"><img loading=\"lazy\" decoding=\"async\" src=\"https:\/\/sfrms-app.fr\/wp-content\/plugins\/watu\/loading.gif\" width=\"16\" height=\"16\" alt=\"Chargement ...\" title=\"Chargement ...\"\/>&nbsp;Chargement &hellip;<\/div><\/div><br>\n<input type=\"button\" name=\"action\" onclick=\"Watu.submitResult()\" id=\"action-button\" value=\"R&eacute;sultats\" class=\"watu-submit-button\">\n<input type=\"hidden\" name=\"no_ajax\" value=\"0\"><input type=\"hidden\" name=\"quiz_id\" value=\"4\">\n<input type=\"hidden\" id=\"watuStartTime\" name=\"start_time\" value=\"2026-05-13 22:18:16\">\n<\/form>\n<\/div>\n<div id=\"watu-loading-result\" style=\"display:none;\">\n\t<p align=\"center\"><img loading=\"lazy\" decoding=\"async\" src=\"https:\/\/sfrms-app.fr\/wp-content\/plugins\/watu\/loading.gif\" width=\"16\" height=\"16\" alt=\"Chargement\" title=\"Chargement\"\/><\/p>\n<\/div>\t\n<script type=\"text\/javascript\">\nvar exam_id=0;\nvar question_ids='';\nvar watuURL='';\njQuery(function($){\nquestion_ids = \"39,40,41,42,43,44,45,46,47,48\";\nexam_id = 4;\nWatu.exam_id = exam_id;\nWatu.qArr = question_ids.split(',');\nWatu.post_id = 1564;\nWatu.singlePage = '1';\nWatu.hAppID = \"0.85940700 1778703496\";\nwatuURL = \"https:\/\/sfrms-app.fr\/wp-admin\/admin-ajax.php\";\nWatu.noAlertUnanswered = 0;\n});\n<\/script>\n","protected":false},"excerpt":{"rendered":"","protected":false},"author":1,"featured_media":0,"parent":0,"menu_order":0,"comment_status":"closed","ping_status":"closed","template":"","meta":{"footnotes":""},"class_list":["post-1564","page","type-page","status-publish","hentry"],"_links":{"self":[{"href":"https:\/\/sfrms-app.fr\/index.php\/wp-json\/wp\/v2\/pages\/1564","targetHints":{"allow":["GET"]}}],"collection":[{"href":"https:\/\/sfrms-app.fr\/index.php\/wp-json\/wp\/v2\/pages"}],"about":[{"href":"https:\/\/sfrms-app.fr\/index.php\/wp-json\/wp\/v2\/types\/page"}],"author":[{"embeddable":true,"href":"https:\/\/sfrms-app.fr\/index.php\/wp-json\/wp\/v2\/users\/1"}],"replies":[{"embeddable":true,"href":"https:\/\/sfrms-app.fr\/index.php\/wp-json\/wp\/v2\/comments?post=1564"}],"version-history":[{"count":1,"href":"https:\/\/sfrms-app.fr\/index.php\/wp-json\/wp\/v2\/pages\/1564\/revisions"}],"predecessor-version":[{"id":1568,"href":"https:\/\/sfrms-app.fr\/index.php\/wp-json\/wp\/v2\/pages\/1564\/revisions\/1568"}],"wp:attachment":[{"href":"https:\/\/sfrms-app.fr\/index.php\/wp-json\/wp\/v2\/media?parent=1564"}],"curies":[{"name":"wp","href":"https:\/\/api.w.org\/{rel}","templated":true}]}}